
What are the prime factors of 1009?
1009
List the prime factors of 9980.
2, 5, 499
What are the prime factors of 4608?
2, 3
What are the prime factors of 51300?
2, 3, 5, 19
List the prime factors of 19434.
2, 3, 41, 79
What are the prime factors of 598?
2, 13, 23
What are the prime factors of 42583?
97, 439
List the prime factors of 6072.
2, 3, 11, 23
What are the prime factors of 1243?
11, 113
What are the prime factors of 8666?
2, 7, 619
List the prime factors of 45540.
2, 3, 5, 11, 23
What are the prime factors of 4195?
5, 839
List the prime factors of 14659.
107, 137
What are the prime factors of 11781?
3, 7, 11, 17
List the prime factors of 3224.
2, 13, 31
What are the prime factors of 171?
3, 19
What are the prime factors of 4265?
5, 853
List the prime factors of 551.
19, 29
List the prime factors of 1700.
2, 5, 17
What are the prime factors of 36041?
23, 1567
List the prime factors of 93160.
2, 5, 17, 137
What are the prime factors of 8104?
2, 1013
What are the prime factors of 2066?
2, 1033
What are the prime factors of 6002?
2, 3001
List the prime factors of 1477.
7, 211
What are the prime factors of 530?
2, 5, 53
What are the prime factors of 36657?
3, 4073
List the prime factors of 78087.
3, 26029
What are the prime factors of 17001?
3, 1889
List the prime factors of 100808.
2, 12601
List the prime factors of 15700.
2, 5, 157
What are the prime factors of 4144?
2, 7, 37
List the prime factors of 3758.
2, 1879
What are the prime factors of 1848?
2, 3, 7, 11
List the prime factors of 31897.
167, 191
What are the prime factors of 2623?
43, 61
What are the prime factors of 245?
5, 7
What are the prime factors of 840?
2, 3, 5, 7
List the prime factors of 308.
2, 7, 11
List the prime factors of 561.
3, 11, 17
What are the prime factors of 1560?
2, 3, 5, 13
List the prime factors of 42638.
2, 21319
What are the prime factors of 596?
2, 149
List the prime factors of 17545.
5, 11, 29
What are the prime factors of 7967?
31, 257
What are the prime factors of 191235?
3, 5, 11, 19, 61
List the prime factors of 32186.
2, 7, 11, 19
List the prime factors of 5805.
3, 5, 43
List the prime factors of 99.
3, 11
List the prime factors of 5743.
5743
What are the prime factors of 409?
409
What are the prime factors of 11047?
11047
What are the prime factors of 2717?
11, 13, 19
List the prime factors of 29453.
29453
List the prime factors of 15679.
15679
What are the prime factors of 234?
2, 3, 13
List the prime factors of 73916.
2, 17, 1087
List the prime factors of 93811.
93811
List the prime factors of 7923.
3, 19, 139
What are the prime factors of 11?
11
What are the prime factors of 77?
7, 11
What are the prime factors of 7341?
3, 2447
List the prime factors of 82344.
2, 3, 47, 73
List the prime factors of 42347.
17, 47, 53
List the prime factors of 4676.
2, 7, 167
What are the prime factors of 1770?
2, 3, 5, 59
List the prime factors of 241.
241
List the prime factors of 76442.
2, 37, 1033
List the prime factors of 7535.
5, 11, 137
List the prime factors of 20128.
2, 17, 37
What are the prime factors of 24333?
3, 8111
What are the prime factors of 14213?
61, 233
List the prime factors of 352.
2, 11
List the prime factors of 1648.
2, 103
What are the prime factors of 1964?
2, 491
What are the prime factors of 100?
2, 5
What are the prime factors of 2431?
11, 13, 17
List the prime factors of 74912.
2, 2341
List the prime factors of 39.
3, 13
List the prime factors of 963.
3, 107
List the prime factors of 82851.
3, 27617
What are the prime factors of 647?
647
List the prime factors of 1163.
1163
List the prime factors of 17148.
2, 3, 1429
List the prime factors of 771.
3, 257
What are the prime factors of 3331?
3331
List the prime factors of 51634.
2, 11, 2347
List the prime factors of 68370.
2, 3, 5, 43, 53
List the prime factors of 99432.
2, 3, 1381
List the prime factors of 54865.
5, 10973
What are the prime factors of 13603?
61, 223
List the prime factors of 2443.
7, 349
What are the prime factors of 3245?
5, 11, 59
What are the prime factors of 58?
2, 29
What are the prime factors of 18252?
2, 3, 13
List the prime factors of 56233.
53, 1061
What are the prime factors of 10102?
2, 5051
What are the prime factors of 70499?
11, 13, 17, 29
List the prime factors of 2004.
2, 3, 167
What are the prime factors of 12648?
2, 3, 17, 31
What are the prime factors of 2125?
5, 17
What are the prime factors of 41787?
3, 4643
List the prime factors of 3714.
2, 3, 619
List the prime factors of 12631.
17, 743
List the prime factors of 29281.
7, 47, 89
List the prime factors of 117300.
2, 3, 5, 17, 23
List the prime factors of 36783.
3, 61, 67
What are the prime factors of 10846?
2, 11, 17, 29
What are the prime factors of 7349?
7349
List the prime factors of 44081.
17, 2593
What are the prime factors of 6263?
6263
What are the prime factors of 4760?
2, 5, 7, 17
What are the prime factors of 1730?
2, 5, 173
What are the prime factors of 2658?
2, 3, 443
What are the prime factors of 5914?
2, 2957
What are the prime factors of 296?
2, 37
What are the prime factors of 2081?
2081
What are the prime factors of 2740?
2, 5, 137
List the prime factors of 182.
2, 7, 13
List the prime factors of 18142.
2, 47, 193
What are the prime factors of 471?
3, 157
What are the prime factors of 39147?
3, 13049
List the prime factors of 13602.
2, 3, 2267
List the prime factors of 24471.
3, 2719
What are the prime factors of 5941?
13, 457
What are the prime factors of 1288?
2, 7, 23
List the prime factors of 645.
3, 5, 43
List the prime factors of 22857.
3, 19, 401
What are the prime factors of 1231?
1231
What are the prime factors of 27877?
61, 457
List the prime factors of 36513.
3, 4057
List the prime factors of 1839.
3, 613
What are the prime factors of 314?
2, 157
List the prime factors of 17891.
17891
List the prime factors of 55655.
5, 11131
What are the prime factors of 8571?
3, 2857
What are the prime factors of 9696?
2, 3, 101
What are the prime factors of 109394?
2, 83, 659
What are the prime factors of 1250?
2, 5
List the prime factors of 195.
3, 5, 13
List the prime factors of 1038.
2, 3, 173
What are the prime factors of 25241?
43, 587
What are the prime factors of 1995?
3, 5, 7, 19
List the prime factors of 78861.
3, 97, 271
List the prime factors of 934.
2, 467
List the prime factors of 63.
3, 7
List the prime factors of 6606.
2, 3, 367
What are the prime factors of 2159?
17, 127
List the prime factors of 28618.
2, 41, 349
List the prime factors of 7951.
7951
What are the prime factors of 25194?
2, 3, 13, 17, 19
What are the prime factors of 29417?
23, 1279
List the prime factors of 8082.
2, 3, 449
What are the prime factors of 8690?
2, 5, 11, 79
List the prime factors of 130.
2, 5, 13
What are the prime factors of 3157?
7, 11, 41
What are the prime factors of 533?
13, 41
What are the prime factors of 7838?
2, 3919
List the prime factors of 800.
2, 5
List the prime factors of 52987.
11, 4817
List the prime factors of 860.
2, 5, 43
List the prime factors of 14845.
5, 2969
List the prime factors of 1334.
2, 23, 29
List the prime factors of 16033.
16033
What are the prime factors of 23892?
2, 3, 11, 181
What are the prime factors of 8986?
2, 4493
List the prime factors of 88568.
2, 11071
List the prime factors of 78140.
2, 5, 3907
What are the prime factors of 180567?
3, 20063
What are the prime factors of 1967?
7, 281
List the prime factors of 17205.
3, 5, 31, 37
List the prime factors of 10548.
2, 3, 293
What are the prime factors of 8006?
2, 4003
List the prime factors of 32379.
3, 43, 251
What are the prime factors of 5623?
5623
List the prime factors of 38194.
2, 13, 113
What are the prime factors of 558?
2, 3, 31
List the prime factors of 43034.
2, 21517
List the prime factors of 3424.
2, 107
List the prime factors of 2310.
2, 3, 5, 7, 11
What are the prime factors of 155?
5, 31
What are the prime factors of 4427?
19, 233
What are the prime factors of 292?
2, 73
What are the prime factors of 2056?
2, 257
What are the prime factors of 165358?
2, 29, 2851
List the prime factors of 10422.
2, 3, 193
What are the prime factors of 2162?
2, 23, 47
What are the prime factors of 23644?
2, 23, 257
List the prime factors of 2178.
2, 3, 11
What are the prime factors of 4737?